?
9
Suppose 301*g = -6516 + 20964. Let o = 69 + -27. Let s = o - 30. Calculate the highest common divisor of g and s.
12
Let d(g) be the second derivative of g**4/4 + 5*g**3/2 + 10*g**2 + 17*g. Let c be d(-5). Calculate the greatest common divisor of 160 and c.
20
Let o be 40/15*12*(89 - -5). Calculate the highest common factor of 160 and o.
32
Let b(n) be the first derivative of n**3 - 9*n**2 + 9*n + 9. Let u be b(8). Let k = u - 30. Calculate the greatest common divisor of k and 3.
3
Suppose 4*s = 3*c + 2601, -3*c = -92*s + 93*s - 639. Calculate the highest common divisor of s and 72.
72
Let n(z) = z**3 - 8*z**2 + 18*z - 3. Let j = 139 - 142. Let l be j + (0 - -2)/(10/40). Let a be n(l). Calculate the greatest common factor of 8 and a.
4
Suppose 2*b + 5*m - 18 = 30, 0 = 5*b - 3*m - 120. Let n(o) = -8*o. Let f be n(-1). Suppose -f*h + 540 = h. What is the highest common factor of h and b?
12
Let s = -485 + 2078. What is the highest common factor of 59 and s?
59
Let i(f) = 3*f**3 + 120*f**2 - f - 25. Let n be i(-40). Let r = -4 + n. Calculate the highest common divisor of 209 and r.
11
Suppose 165*m - 236 = 160*m + n, 0 = 3*m - n - 142. Calculate the highest common factor of m and 517.
47
Let h be (-2 + 2 + -3)/(36/(-3048)). Suppose 3*n - 19 = h. Calculate the greatest common factor of n and 7.
7
Let d = 10810 + -2118. What is the greatest common divisor of d and 164?
164
Suppose 3*m + 4392 = 3*i, 4*i + 1525 = -m + 7421. What is the highest common factor of 3588 and i?
92
Let d(t) = t**2 - t + 36. Let v be d(0). Let u(b) = 1260*b - 61614. Let q be u(49). Calculate the greatest common divisor of q and v.
18
Suppose 262*q - 258*q + g = 7258, -2*q + 5*g = -3596. What is the greatest common factor of 74 and q?
37
Let v(p) = 3*p**2 - 5*p - 8. Suppose 8*y + 25 = 13*y. Let x be v(y). Calculate the greatest common factor of x and 63.
21
Let f(k) = k**3 - 6*k**2 + 2*k - 1. Let m be f(6). Suppose 4092 = 2351*o - 2339*o. What is the highest common factor of o and m?
11
Let j = 121 + -117. Suppose -j*m - 13 = 5*y, 3*m - 2*y - 16 = m. What is the greatest common factor of 1 and m?
1
Suppose -107*t - 556 = -2*k - 104*t, 0 = 5*k + 3*t - 1474. Calculate the highest common factor of 1334 and k.
58
Let u = 3019 + -967. What is the highest common divisor of u and 54?
54
Let d = -68 + 74. Let w be d/(38/35 - 1). What is the greatest common divisor of 14 and w?
14
Let l be 5 - (2 - (325/5 - -7)). Calculate the highest common divisor of 480 and l.
15
Let t(k) = 2*k**2 - 1700*k + 15222. Let r be t(9). Let z be (1 + (-4)/(-2))*3. Calculate the highest common factor of r and z.
3
Let p be (0 - 0 - -5)/((-1)/11). Let b be -20 + ((-2 - -2) + -1)*3. Let n = b - p. Calculate the highest common divisor of 32 and n.
32
Suppose c - 6*c = -45. Let w(u) = 602*u + 12741. Let q be w(-21). Calculate the greatest common factor of q and c.
9
Let h(w) = w**2 - 6*w - 100. Let s be h(-7). Let b(f) = -14*f - 42. Let j be b(s). What is the greatest common divisor of 70 and j?
14
Suppose 255*b - 330*b + 61125 = 0. Calculate the greatest common factor of 5 and b.
5
Let o(d) = 874*d + 785. Let l be o(1). What is the highest common factor of 126 and l?
21
Let h be (-2064 + 7)*-3 - -8. What is the highest common divisor of h and 334?
167
Suppose -u - 4*i = -5*i - 186, 2*u - 3*i - 374 = 0. Calculate the highest common divisor of u and 9292.
92
Let c = 26 - 28. Let s be (-3 - c) + 1*-6 + 2. Let a be 16/(-2)*(s + 9 + -21). Calculate the highest common divisor of 17 and a.
17
Let q = -3710 + 3758. Calculate the greatest common divisor of 1584 and q.
48
Let x(q) = 3*q**2 - 55*q + 252. Let s be x(11). Let v be (-36 - (-3 - -2))*-1. Suppose v = -3*w + s*w. Calculate the greatest common factor of w and 35.
5
Suppose -1854 = -x + 107*i - 105*i, -4*i = -5*x + 9258. What is the highest common divisor of 1258 and x?
74
Let p(a) = 5*a**2 - 75*a - 360. Let k be p(19). What is the greatest common factor of k and 980?
20
Let h be 67/((2/(-10))/(((-2067)/65)/3)). What is the greatest common divisor of h and 53?
53
Suppose -4*q + 71 - 3 = 0. Let o = 29 - q. Let f be 18/o*(-26)/(-3). What is the greatest common factor of 143 and f?
13
Let k be (-70)/(-18) + (-25)/5400*-24. What is the greatest common divisor of 172 and k?
4
Let i(u) = 24*u + 101. Let t be i(-13). Let y = 217 + t. What is the greatest common factor of y and 1?
1
Let n = -221 - -224. Suppose -n*f + 8*f = -20, -f = 2*w - 44. Calculate the greatest common factor of w and 6.
6
Suppose -2*c + 18 = 4*w, 9*c - 21 = 5*c - 3*w. Let l be 22*(5 + c/2). Calculate the greatest common divisor of l and 11.
11
Let y = 44 - 41. Suppose 0 = -5*d + 15, 4*q - 5*q + 231 = -y*d. Calculate the highest common divisor of q and 30.
30
Let i be 5/20 - 0 - 2157/(-12). Let w be i/((22/4)/11). Calculate the greatest common factor of w and 15.
15
Suppose -8*o + 101 + 107 = 0. Suppose 27*r = o*r - 1. Let s(v) = -104*v + 1. Let n be s(r). Calculate the highest common divisor of n and 15.
15
Suppose -10 = -5*z - 1601*f + 1606*f, 4*z - 3*f = 12. Let b(o) = -23*o + 3*o + 2*o. Let i be b(-1). Calculate the greatest common factor of i and z.
6
Let j = -420 - -426. Let x be 8/j - (-60)/(-54)*-96. What is the greatest common divisor of x and 54?
54
Let r = 12017 + -10172. Calculate the greatest common divisor of r and 287.
41
Suppose 5 = 3*c - 10. Suppose 79 + 231 = c*b. Let g be 3 + (b - (1 - -4)). What is the greatest common divisor of g and 90?
30
Let n be (-13 + 3)*12*(-8)/12. Suppose 10*l - 188 - 102 = 0. Suppose l + 3 = j. Calculate the greatest common factor of n and j.
16
Suppose 3*p - 19629 = -10*h, 0 = -19*p + 24*p - 2*h - 32659. Calculate the greatest common divisor of p and 47.
47
Let k be ((-84)/18 + 5)/((-4)/(-108)). Suppose k*d + 67 - 94 = 0. What is the greatest common factor of 96 and d?
3
Let d(i) = 6*i**2 - 7*i - 14. Let k(l) = -7*l**2 + 6*l + 13. Let f(v) = -5*d(v) - 4*k(v). Let r be f(6). Calculate the highest common factor of 4 and r.
4
Suppose h - 39 = 27. Suppose 7*i - 19*i - 2472 = 0. Let j = i + 250. Calculate the greatest common divisor of j and h.
22
Let b(q) be the second derivative of -q**4/12 - 8*q**3/3 + q**2 + q + 15. Let h be b(-8). What is the highest common divisor of 22 and h?
22
Let i(f) = -f**3 + 8*f**2 + 3. Let y be i(8). Suppose 4*j = y*n + 529, -4*j + 235 + 273 = 4*n. What is the greatest common divisor of j and 10?
10
Let m(i) = 69*i - 6. Let b be m(-1). Let j = -63 - b. What is the highest common factor of j and 156?
12
Suppose 5*h = -5*z + 70, 3*h + 21 = 2*z + 78. What is the greatest common factor of h and 5593?
17
Let q(d) = 406*d + 2947. Let p be q(-7). Suppose 8 = -5*g + 83. Calculate the greatest common factor of g and p.
15
Let g be 128/20 - -7 - (-6)/(-15). Let c be (2 + 8)*(-26)/(-4). What is the highest common divisor of g and c?
13
Suppose 0 = 4*v - 19*v + 120. Suppose -4*i + 5*a - 75 = 0, -5*i - 5*a - 24 = 81. Let w be i/15*(-12)/2. Calculate the highest common divisor of w and v.
8
Let n be 6 + 25/(-5) + (-2 - -5). Let p be ((-95)/10 - -10) + 70/n. Calculate the highest common factor of 16 and p.
2
Let x = 20787 + -20715. Let u(s) = 3*s**2 - 2*s - s - 2*s**2 + 0*s**2. Let z be u(-6). Calculate the highest common factor of z and x.
18
Suppose -2352 = -58*r + 30*r. Suppose -h - h + 2*d + r = 0, -4*h + 162 = -d. What is the highest common divisor of 104 and h?
8
Let h(t) = -5*t + 5. Let w be h(0). Suppose -3*o - 22 = -7, 5*q = -w*o - 10. What is the highest common divisor of q and 129?
3
Suppose -m = -2*m. Suppose m = -l - 3, -5*c + 2*l + 163 = l. Suppose -29*u + 33*u - 32 = 0. What is the greatest common factor of c and u?
8
Let s be ((-12)/(-20))/(11/275). Suppose -a - s = -6*a. Calculate the greatest common divisor of 93 and a.
3
Suppose 5*o - 74 = -u, 5*u + o + o = 462. What is the greatest common factor of 22 and u?
2
Let c be (((-8)/(-16))/((-1)/87))/((-3)/4). Calculate the highest common divisor of c and 1798.
58
Let a = -10253 - -10266. Let j(x) = 2*x**3 - 3*x**2 - 3*x + 9. Let u be j(6). Let b be (-2)/8 + u/12. Calculate the greatest common divisor of b and a.
13
Let v(s) = 5*s**2 + 5*s + 3. Let u be v(-3). Let g be (-1)/(2/12)*312/(-16). Let l = g - 106. What is the highest common divisor of l and u?
11
Let a be (-1